ive h(6).
4
Let u(t) = -11*t + 5*t - 5 + 4. Calculate u(2).
-13
Let u(t) = t**2 + 6*t + 3. Let j be u(-2). Let h(o) = -8 - 2*o - 7*o + 7. Let b(n) = -5*n - 1. Let x(w) = -7*b(w) + 4*h(w). Calculate x(j).
8
Suppose 2*w = -2*w - 3*w. Let f(r) = -r**2 - 8. Give f(w).
-8
Let p(o) = o**2 - 6*o - 4. Let n = 5 - 1. Suppose 5*r = n*u - 48, r + 10 = 2*u + 2*r. Let t be p(u). Let z(g) = -g**3 + 5*g**2 - 3*g - 3. Calculate z(t).
6
Let y(i) = 7*i**3 - 5*i**2 + 9*i + 7. Let z(o) = -1 + o**2 + 2*o + o - 4*o - o**3. Let a(m) = y(m) + 6*z(m). What is a(-2)?
-9
Let v = 36 + -40. Let h(k) = k**2 + 6*k + 3. What is h(v)?
-5
Let b(m) = -m**2 - m. Suppose 4*p + 8 = 8*p. Suppose 0*t + 12 = 3*t. Suppose p*l + 2 = t*l. What is b(l)?
-2
Let d(l) = -4*l - 5 - 2*l + 4*l. Let w be 5*(72/(-40) + 1). Determine d(w).
3
Let m be (2/(-1) - -1) + 3. Let o(x) = -2*x - 4 + m - 3*x + 6*x. Give o(7).
5
Let b(z) = z - 5. Let u(i) = -2*i - 3. Let g be u(-4). Let d = g + 0. What is b(d)?
0
Let q(k) = 3*k**2 + 2*k - 1. Let t be q(1). Suppose z = 3*z - 4. Let h(s) = 5*s + 0*s**2 + 3*s**z + 3*s**3 - 4*s**3. Give h(t).
4
Let p(r) be the second derivative of 2*r**2 + 5*r + 1/3*r**3 + 0. What is p(-4)?
-4
Let p(i) be the third derivative of -i**7/5040 - 7*i**6/720 + i**5/15 - i**2. Let r(u) be the third derivative of p(u). Give r(0).
-7
Let c(z) = -2*z - 1. Let u(s) = -4*s - 2. Let l(a) = 13*c(a) - 6*u(a). Let m(h) = -2*h + 1 - 4 + 1. Let t(i) = 4*l(i) - 3*m(i). What is t(-2)?
6
Let w = -3 - -1. Let a be 6 - (10/2 - 2). Let q(z) = -4*z**3 + 6*z**2 + 4*z + 10. Let g(m) = m**3 - 2*m**2 - m - 3. Let h(p) = a*q(p) + 10*g(p). Give h(w).
4
Let r(j) = -2*j**3 + 2*j**2 - 1. Let a be r(1). Suppose -8 = 2*b - 4*g, -b + g = -4*g + 13. Let t(i) = 2 + 4*i**b + 2*i - 1 + 3*i**2. Determine t(a).
6
Suppose -3*y + 24 = -2*y + 5*l, l = 5. Let f(g) = -2*g**3 + 6*g**3 + 3*g**3. Determine f(y).
-7
Let q = 4 - 2. Let o(n) = -n - n**2 + q*n**2 - 3*n + 4. Let z = -15 - -19. Determine o(z).
4
Let p(j) be the second derivative of 3*j**7/280 + j**3/3 - 5*j. Let i(x) be the second derivative of p(x). Calculate i(1).
9
Let d(m) be the third derivative of m**5/60 - m**4/24 + m**3/6 - 4*m**2. Let c(r) be the first derivative of d(r). What is c(-1)?
-3
Let c be (-15)/5*(2 + -3). Let w(i) be the first derivative of -c - 1/2*i**2 + 0*i. Calculate w(1).
-1
Let d = 24 + -28. Let u(w) be the second derivative of -w**3/2 - 3*w**2/2 + w. Determine u(d).
9
Let z = 15 - 4. Let n be (z - 1)/2 + -3. Let r(w) = -w**3 + 2*w**3 - 2 + 3*w**2 - 5*w**2. Give r(n).
-2
Let z(o) = -o**3 + 4*o**2 + 8*o - 4. Let k(g) = -3*g - 31. Let l be k(-12). Calculate z(l).
11
Suppose 3*r + 3 = -3*n, 3*n - 3*r = -6 - 21. Let b(i) be the first derivative of i**2/2 - 2*i + 1. Calculate b(n).
-7
Let z(h) = 2*h**2 - 6*h - 1. Let j(g) = 3*g**2 - 11*g - 2. Let v(f) = 3*j(f) - 5*z(f). Suppose -4*y - p = 5, -p - 3 = -3*y - 4*p. Give v(y).
1
Let g(p) = -22*p + 4. Let c(x) = 4 + 0 - 7*x - 1 - 2. Let w(m) = 16*c(m) - 5*g(m). What is w(-3)?
2
Let d(o) = -o**2 + 4*o - 6. Suppose 2*q - 5 - 5 = 0. What is d(q)?
-11
Let f be (-30)/(-7) - (-6)/(-21). Let w(h) = 6*h + 0*h + 1 + h**2 - 8*h. What is w(f)?
9
Suppose 0*f + 2*f + 2 = 0. Let z(w) be the first derivative of 3*w**2/2 - w + 1. Determine z(f).
-4
Let i(d) = 2*d**3 + 9*d**2 - d + 3. Let a(s) = -3*s**3 - 10*s**2 - 4. Let t(b) = 3*a(b) + 4*i(b). Let j be t(5). Let g(r) = -4*r + 2 + 2 + j*r. Calculate g(-4).
0
Let q(l) = -2*l**2 + 0 + 2 - 4. Let h(k) = k - 19. Let p be h(13). Let v = -8 - p. What is q(v)?
-10
Let i(y) = y**2 + 3*y - 2. Let f be i(-4). Let z(n) = -n**f + n - 4*n + 3 - n. Let d be (-24)/5 - (-3)/(-15). Determine z(d).
-2
Let g(m) = 4*m + 1. Let p(q) = -q**2 - 7*q - 5. Let v be (16/8)/(2/(-3)). Let k = -3 + v. Let x be p(k). What is g(x)?
5
Let x be -1*(1 + -1 + 0). Let b be (0 - x)*(-1)/(-2). Suppose 0 = -b*m + 3*m. Let r(h) = -h**3 + h**2 + h + 8. Give r(m).
8
Let y(m) be the third derivative of -m**6/120 - m**5/20 + 7*m**4/24 + 5*m**3/6 - 27*m**2 - 2. Determine y(-4).
-7
Let q(t) = -5 + t**3 - 4*t + 5*t - 1 - 4*t + 6*t**2. Calculate q(-6).
12
Let d(g) = -5*g**2 - 14*g. Let o(b) = 3*b**2 + 9*b. Let z(f) = 5*d(f) + 8*o(f). Let n(p) = -p**2 + 8*p - 14. Let y be n(6). Determine z(y).
-8
Suppose 0*d = 3*d - 6. Let t(l) = -2 - l**3 + 2*l - l + l**3 - l**3 + 2*l**d. Suppose 3 + 3 = 2*h. What is t(h)?
-8
Let f(l) = l**2 - 5*l + 1. Suppose -2*s = 3*a - 9, -2*a + 3*s + 8 = -11. What is f(a)?
1
Let d(c) = c - 9. Suppose v = -0*v - 6. Let u be ((-5)/(-2))/(v/(-12)). Calculate d(u).
-4
Let d(k) = -k**3 - 4*k**2 - 2*k + 3. Suppose -4*w - 12 = -0*w. Calculate d(w).
0
Let v(r) be the second derivative of -r**5/60 + r**4/8 + r**3/6 - 3*r**2/2 - 2*r. Let j(h) be the first derivative of v(h). Calculate j(4).
-3
Let j(g) = 3*g - 1. Suppose -9*y - 24 = -6*y. Calculate j(y).
-25
Let b(x) be the second derivative of -x**8/6720 - x**7/840 + x**6/360 + x**5/40 - x**4/4 - 4*x. Let i(s) be the third derivative of b(s). Calculate i(-2).
-5
Let s = -43 + 38. Let k(z) = z**3 + 4*z**2 - 3*z - 4. What is k(s)?
-14
Let b(s) be the second derivative of 1/2*s**2 + s + 1/2*s**3 - 1/12*s**4 + 0. Calculate b(4).
-3
Let j(n) = n + 14. Let i(m) = m + 15. Let c(t) = 2*i(t) - 3*j(t). Calculate c(-7).
-5
Let o(j) = j**2. Let t be o(1). Let b be (t + 1/(-3))*-3. Let w(u) = -1. Let x(c) = -4*c**2 - 4*c - 8. Let i(d) = 5*w(d) - x(d). Give i(b).
11
Let m(k) = 1 - 3 - k - 3. Suppose -4*t + 4 - 8 = 0. Let s be (-2)/(t - 9/(-6)). What is m(s)?
-1
Let g(c) = c**2 - 9*c - 1. Let f(j) = 4*j + 84. Let n be f(-19). Determine g(n).
-9
Let w(f) = f**2 + 6*f + 3. Let y(i) be the first derivative of i**2/2 - 5*i - 4. Let c be y(6). Let t be 4/6*(-3)/c. Give w(t).
-5
Let b(p) = p**2 + 6*p + 1. Suppose -3*d + 12 = -3*i, i - d = 2*d - 2. Give b(i).
-4
Let t be -3*78/9 + 0. Let f be (-20)/(-130) - (-108)/t. Let s(g) = g - 2. Give s(f).
-6
Let h(l) = -l**2 + 3*l - 2. Let q(m) = 3*m**2 - 7*m + 5. Let p(f) = -5*h(f) - 2*q(f). Let n(x) = -2*x. Let g be n(1). Give p(g).
-2
Let w(x) = x**2 + 3*x - 3. Let j be (-2 + 4)/2 - -2. Let u be (j/(-9))/(1/12). Determine w(u).
1
Let i be (-58)/18 - 2/(-9). Suppose -2 = 2*g + 2. Let a(d) = d - 4. Let j(n) = -n + 3. Let z(b) = g*a(b) - 3*j(b). What is z(i)?
-4
Let h(s) = -11*s**2 - 4*s - 3. Let w(q) = 6*q**2 + 2*q + 2. Let j(u) = -3*h(u) - 5*w(u). Determine j(2).
15
Let j = 0 + 9. Suppose -2 = -b - 15. Let l = j + b. Let s(p) = -p. Calculate s(l).
4
Let w(m) be the first derivative of 2*m**3/3 + 5*m**2/2 - 2*m - 1. Let a = 2 + 18. Suppose 5*p - 3*b = -a, b + 16 = -4*p - 2*b. Determine w(p).
10
Let m(q) = -q**3 + 5*q**2 + 5*q + 6. Let f(s) = -s**3 - 11*s**2 + 11*s - 8. Let d be f(-12). Suppose -d*t - 9 + 33 = 0. Calculate m(t).
0
Let v(c) = -29*c + 10*c - 3 + 11*c + 7*c. Calculate v(-7).
4
Suppose n - 3*g + g = 0, -9 = -3*n - 3*g. Let v be n/6 + (-16)/(-6). Let q(x) be the third derivative of -x**5/30 + x**4/6 + x**3/6 + 4*x**2. Determine q(v).
-5
Let r be -2 + 4 + (-6)/2. Let a(u) = u + 1. Give a(r).
0
Let c(h) = -2*h**2 + 5*h + 4. Suppose b + 4*l = 5*l + 4, 0 = 2*l. Give c(b).
-8
Let p(s) = 2*s - 8. Let t be p(7). Let j(q) = 11*q - 40. Let u(w) = 7*w - 26. Let r(x) = 5*j(x) - 8*u(x). Determine r(t).
2
Let v(g) = -3*g**2 - g + 25. Let m(p) = 2*p**2 + p - 17. Let b(o) = -7*m(o) - 5*v(o). Calculate b(5).
9
Let y(k) = 2*k**2 - 8*k - 3. Let r(j) = j - 1. Let g be r(3). Let u(f) = -3*f - 2 + 3*f**2 - 4*f - g*f. Let q(o) = 3*u(o) - 4*y(o). Determine q(-4).
2
Let v(y) = -y**2 + y + 1. Let n(w) = 7 - 2*w**2 - 9*w**2 - 2*w**2 + 5*w - 3. Let z(g) = n(g) - 5*v(g). Calculate z(-1).
-9
Let i(j) = j**2 - 5*j + 2. Let k be 54/14 - (-14)/98. Calculate i(k).
-2
Let n(p) be the second derivative of p**6/720 - p**5/40 - p**4/6 + 3*p. Let j(c) be the third derivative of n(c). What is j(2)?
-1
Let n(j) = -5*j**2 - 7*j - 5. Let d(k) = 9*k**2 + 14*k + 10. Let v(c) = 4*d(c) + 7*n(c). Calculate v(-6).
-1
Suppose -h + 2 = -3. Let r(d) = 3 - h + 2 + d - 2. Calculate r(4).
2
Let p(w) = w**3 + 12*w**2 + 20*w - 6. Let s be p(-10). Let f(u) = -6*u - 3 - u**3 - 7*u**2 + 0 + 0*u. Give f(s).
-3
Let c(a) = -a**3 + a**2 - a - 4. Let i = 0 + 2. Suppose 2*r = -i*w - 6, -16 = -3*r + 3*w - w. Let h be -2 + (r + 0)/1. Calculate c(h).
-4
Suppose 3*r = 2*m + 1, -4 + 5 